osite?
True
Let z = 56 + -47. Suppose -5 - z = -h. Is h prime?
False
Suppose 26 - 5 = 7*o. Suppose d - 447 = -x, o*x - 5*d - 23 - 1286 = 0. Is x prime?
True
Let t(w) = 3*w**3 - 11*w**2 + 3*w + 4. Let i be 9 + 48 - (-1 + 0). Suppose i = 5*f - 5*u - 2, -4*f + 3*u + 43 = 0. Is t(f) a prime number?
False
Let h(d) = -197*d + 9. Let p(l) = 0*l + 8 - 3*l + 5*l. Let y be p(-6). Is h(y) composite?
False
Let k = -78 + 75. Is 0 + 734 + -1 + (k - -1) prime?
False
Suppose 6*f - x = 2445, -5*f + 3*x = -f - 1637. Is f prime?
False
Let g(r) = -r**3 - 14*r**2 - 13*r. Let j be g(-13). Suppose j = -10*t + 5611 + 7579. Is t prime?
True
Let m = -217 - -724. Let z = m - 1235. Let n = -427 - z. Is n a composite number?
True
Suppose 2*a = 5724 + 5916. Let s be 6/5*a/9. Let k = s + -397. Is k prime?
True
Let x(i) = i**3 + 3*i**2 - 6. Let v = -51 + 55. Is x(v) a prime number?
False
Let i = 761 - -6272. Is i a prime number?
False
Let g be (-8)/(-3 - (-2 - (-1 + 0))). Is (326/g)/((-1)/4*-1) composite?
True
Let p be (0 - (1 - -1))*-3. Let b(o) = o**2 + o - 1. Let u(k) = -7*k**2 - k + 4. Let i(s) = -5*b(s) - u(s). Is i(p) composite?
True
Let v be 10/25 - 2873/(-5). Suppose 4*u + 4*r - 29 - v = 0, 4*r = 2*u - 326. Is u a composite number?
True
Suppose -4*m = -2 - 14. Suppose 0 = -2*x + 3*c - 11, m*x - 2*c = -2 - 0. Is (x/(-3))/((-4)/498) a prime number?
True
Let k(f) = -f**3 + 3*f**2 + 3*f + 3. Let o be k(3). Let b(i) = -2*i**2 + 11*i + 44. Let l be b(-3). Let u = o - l. Is u a prime number?
True
Let o(n) = -235*n. Suppose p - 2 = 5*q, -3*q = 2*p - q - 16. Suppose -2*m = -3*y + 1, -y = -m - 3*m - p. Is o(y) composite?
True
Let g(o) = -4 + 5 - o**2 + 5 - 8*o. Let x be g(-9). Is x/4 + (-243)/(-36) prime?
False
Let p = -5 - -8. Suppose 0*m + p*m - 279 = 0. Suppose 0*z = z - m. Is z a composite number?
True
Suppose 514 + 36 = 5*m - p, 3*p + 318 = 3*m. Suppose 7*o - 22 - m = 0. Is o prime?
True
Let n(x) = -12*x + 12269. Is n(0) a composite number?
False
Suppose 0*f - 2*f = -7054. Is f prime?
True
Let k(w) = 15*w - 10. Let z be k(7). Suppose -3*y - 2*y + z = 0. Is (13 + -14)/((-1)/y) composite?
False
Suppose -2*y - 63 = 2*r - 7*r, 3*y + 1 = -r. Suppose 3 = -3*p, 5*p - 103 = -s - r. Is s a composite number?
False
Let v(d) = -93*d + 7. Let g be v(-3). Let h = -197 + g. Is h prime?
True
Let i(q) = q - 3. Let g be i(3). Suppose g = d - 5*l - 17, 3*l = -2*d - d - 3. Is (-3)/((-6)/d) + 2 composite?
False
Let r = 11391 + -6130. Is r composite?
False
Let f = 520 - -657. Is f a composite number?
True
Suppose a + 204593 = 4*p, 0 = 27*p - 28*p + 4*a + 51137. Is p composite?
True
Let j(p) = p**3 - 20*p**2 + 2*p - 35. Let g be j(15). Let t = 1259 - g. Is t a prime number?
True
Let h be ((-8)/(-5))/((-4)/(-10)). Suppose 7*n = h*n - 6. Is -1 + n + (196 - 2) a prime number?
True
Let i be 385 + -3 + 4 + 4/(-2). Let c = -225 + i. Is c a prime number?
False
Suppose -4*f + 10 = -9*f. Let j be 543/f*(-88)/33. Suppose -3*s + j = s. Is s a composite number?
False
Let p(m) = -m**3 - m**2 + 6. Let z be p(0). Is (675/z - 1)/((-2)/(-12)) a prime number?
False
Let p(v) = 163*v + 31. Let w be p(3). Let f = w + -257. Is f composite?
False
Suppose 8*j = 4*j + 17948. Suppose 4*i + j = 11*i. Is i prime?
True
Suppose -4*z - 8 = -0, 20 = -2*o + 4*z. Let f be (o/(-84))/((-2)/(-12)). Is f/5 - 954/(-5) a prime number?
True
Suppose 3*c - 3582 = 4*t, 4*t - t = -3*c + 3561. Suppose -3*x + c = -433. Is x a composite number?
False
Is (9655*(-14)/(-30))/((-1)/(-3)) a composite number?
True
Let z = -299 - -939. Suppose 0 = -3*x - 6, 4*x - z - 1713 = -3*v. Is v a prime number?
True
Let f(s) = -s**3 + s**2 - 1. Let m be f(3). Let q = -15 - m. Suppose -3*u + 0*k + 251 = -q*k, 3*k - 279 = -3*u. Is u a composite number?
False
Let k(w) = -18*w - 701. Let f be k(-40). Suppose -3 + 13 = 2*p. Suppose p*u + 5*c = 220, u - 17 = -5*c + f. Is u prime?
False
Let u(f) = 2556*f**3 - f. Let m be u(-1). Let k = m + 3868. Is k composite?
True
Let t = 1358 - 706. Is (t/(-6))/((-52)/(-60) - 1) composite?
True
Suppose 0 = -4*x - 3*p + 35909, -p - 17 = -12. Is x composite?
True
Is (4/6)/(34/199257) a composite number?
False
Suppose -13*d - 3 = -68. Is d/(3 - -2)*211 composite?
False
Suppose 2*x + 222 = -a, 0*a - 3*a = -2*x + 682. Let b = 619 + a. Is b prime?
False
Let u be 1/(-3) + (-35)/(-15). Is 1576/u - 5/5 a composite number?
False
Let j(i) = 3 - 130*i + 123*i - 1. Is j(-21) prime?
True
Suppose 2*j - 3*z - 143499 = 0, 6*j - 4*z = 4*j + 143504. Suppose 9*a - j = 3*a. Is a a prime number?
False
Suppose -y = y + 6. Let t = 0 - y. Suppose t*l = -4*p + 1471, -3*p + 1104 = -0*l + 3*l. Is p composite?
False
Suppose 4*h - 797 - 271 = 0. Let z = 394 - h. Is z prime?
True
Let i = -11225 - -20119. Is i a prime number?
False
Let v(w) = 9*w**2 - 2*w + 2. Let o be v(1). Suppose 3*b - 281 = -x, -o*x = -3*b - 5*x + 271. Is b prime?
False
Let z be (-6)/2 - (-2 + -1). Let g = -33 + 432. Suppose g = 4*b + b - 4*l, -2*b - 2*l + 156 = z. Is b prime?
True
Let b(k) = -7*k**2 + 16*k + k**3 + 0*k**3 + 73 - 51. Is b(14) a prime number?
False
Suppose -7*t = -27795 + 250. Is t a composite number?
True
Let y be ((-262)/(-6))/((-3)/(-27)). Is 76*((-21)/(-63))/(4/y) prime?
False
Suppose -5*a - 3*d - 19 = -60, 4*a - 52 = 4*d. Is (2 + a/2)/((-6)/(-258)) prime?
False
Suppose 0 = 2*t - 20 - 4. Is 1*(-1588)/t*-3 composite?
False
Suppose 5*a - 4924 - 3231 = 0. Is a a prime number?
False
Let o = -15 - -9. Let j be 678/(-4)*o/9. Let n = j - 55. Is n a prime number?
False
Suppose 3*m + 11 = 4*z + 36, -5*z - 32 = -4*m. Suppose -m*r + 2494 = 226. Let p = -535 + r. Is p a prime number?
False
Let z = -3 + 11. Let d(c) = c**3 - 7*c**2 - 8*c. Let m be d(z). Suppose m = -11*u + 8*u + 255. Is u composite?
True
Let n be (6736/6)/(32/48). Is 70/42 - n/(-3) a prime number?
True
Suppose -12 = 2*m - 7*m - 4*j, 15 = -m + 5*j. Let k(z) = -z**3 + z**2 + 2*z + 67. Is k(m) prime?
True
Is (0 + 1)/((-2198000)/169078 + 13) composite?
True
Let m = 877 + -536. Is m a composite number?
True
Suppose 5*p - 3*p = 0. Suppose p = r - 6 + 1. Suppose 2*l - 4*s = 42, 3*l - 3*s + r*s = 63. Is l a composite number?
True
Suppose -36 = -4*v - 5*a, -v = 3*a - 23 + 7. Suppose 0*c + 5585 = 5*c + 3*z, v*z = 0. Is c a prime number?
True
Let g be 3 + (-8)/(-6)*(-6)/(-4). Suppose -2699 = -3*z - 2*m, -5*m = g*z - 0*z - 4500. Is z prime?
False
Let m(g) = -1. Let c(j) = -5*j + 8. Let t(z) = -c(z) - 2*m(z). Let l be t(3). Let h(n) = 7*n + 11. Is h(l) a composite number?
True
Suppose -i + 2*f + 2181 = 0, 8*i - 3*i - 10953 = -2*f. Is i a prime number?
False
Let w = 4 + -6. Let j(a) = 150*a**2 + 2*a. Let p be j(w). Suppose 0*g = -4*g + p. Is g prime?
True
Let k(h) = -2*h**2 + 14*h - 9. Let c be k(6). Is c*(-92)/24*-2 composite?
False
Let u be 1/1 + (1 - -16). Let x be (-112)/u + 6/27. Let v(m) = -3*m - 4. Is v(x) a composite number?
True
Let r = 281 + -144. Suppose -2*o = -701 - r. Is o composite?
False
Let x(k) = 29*k**3 - 5*k**2 - 16*k + 83. Is x(7) a composite number?
True
Suppose 697 = 8*p + 4153. Let t = 619 + p. Is t a prime number?
False
Let d = -99 - 85. Let o = d + 342. Is o prime?
False
Let z(q) = 78*q - 1. Suppose -4*m = -26 + 2. Is z(m) prime?
True
Suppose -104365 = -24*y - 3253. Is y prime?
False
Is (48429/(8 - 5))/(3/1) prime?
True
Suppose o = -3*b + 9013, -2*b + 5*o + 2078 = -3942. Let w = -756 + b. Is w a prime number?
False
Let d(w) = 2*w**2 - w - 1. Let r be d(-1). Suppose -i = -4*z - 57, r*i + 0*i = 3*z + 139. Is i composite?
True
Let t(g) = g**2 - 12*g + 17. Let v be t(11). Suppose v*x - 3074 = 11824. Is x a prime number?
False
Suppose -2*q = g - 2876, 4*g = 3*q - 0*g - 4325. Is q prime?
True
Suppose -5*j = -3*i - 856 - 309, -2*i + 10 = 0. Let a = j - -81. Is a a composite number?
False
Let q(x) = -2*x**3 + 2*x**2 - 10*x + 2. Let b(i) = 8*i**3 - 9*i**2 + 40*i - 8. Let o(n) = -2*b(n) - 9*q(n). Is o(10) prime?
False
Let x(j) = -21*j + 11. Let v be x(-3). Suppose 0 = 5*s - 146 - 49. Let i = v - s. Is i composite?
True
Is (-4)/2 + 99800/8 a composite number?
False
Suppose -19*y = -10*y - 15786. Is y a prime number?
False
Let l(b) = 18*b + 22739. Is l(0) prime?
True
Suppose -19 = 3*n + 5*l, -n + l = 2*l + 3. Suppose 0 = 4*i - 13 - 3. Suppose i*r - 254 = n*r. Is r prime?
True
Let c(k) = -184*k - 21. Let a be c(-